{"id":83,"date":"2020-06-20T11:57:31","date_gmt":"2020-06-20T11:57:31","guid":{"rendered":"http:\/\/wild-und-gruen.com\/?page_id=83"},"modified":"2020-08-04T11:01:03","modified_gmt":"2020-08-04T11:01:03","slug":"datenschutz","status":"publish","type":"page","link":"https:\/\/wild-und-gruen.com\/?page_id=83","title":{"rendered":"Datenschutzerkl\u00e4rung"},"content":{"rendered":"\n<p class=\"has-small-font-size\">Die Betreiber dieser Seiten nehmen den Schutz Ihrer pers\u00f6nlichen Daten sehr ernst. Wir behandeln Ihre personenbezogenen Daten vertraulich und entsprechend der gesetzlichen Datenschutzvorschriften sowie dieser Datenschutzerkl\u00e4rung. Die Nutzung unserer Website ist in der Regel ohne Angabe personenbezogener Daten m\u00f6glich. Daten werden ohne Ihre ausdr\u00fcckliche Zustimmung nicht an Dritte weitergegeben. Wir weisen darauf hin, dass die Daten\u00fcbertragung im Internet (z.B. bei der Kommunikation per E-Mail) Sicherheitsl\u00fccken aufweisen kann. Ein l\u00fcckenloser Schutz der Daten vor dem Zugriff durch Dritte ist nicht m\u00f6glich. <\/p>\n\n\n\n<h4 class=\"wp-block-heading\">Verantwortlich:<\/h4>\n\n\n\n<p class=\"has-small-font-size\">Gita Anna Becker<br>Bezoldstrasse 1b<br>81541 M\u00fcnchen<br><br>info@wild-und-gruen.com<\/p>\n\n\n\n<h4 class=\"wp-block-heading\" id=\"dsg-general-datasubjects\">Kategorien betroffener Personen<\/h4>\n\n\n\n<p class=\"has-small-font-size\">Besucher und Nutzer des Onlineangebotes (Nachfolgend bezeichnen wir die betroffenen Personen zusammenfassend auch als \u201eNutzer\u201c).<\/p>\n\n\n\n<h4 class=\"wp-block-heading\" id=\"dsg-general-purpose\">Zweck der Verarbeitung<\/h4>\n\n\n\n<p class=\"has-small-font-size\">\u2013 Zurverf\u00fcgungstellung des Onlineangebotes, seiner Funktionen und Inhalte.<br> \u2013 Beantwortung von Kontaktanfragen und Kommunikation mit Nutzern.<br> \u2013 Sicherheitsma\u00dfnahmen.<\/p>\n\n\n\n<h4 class=\"wp-block-heading\">SSL- bzw. TLS-Verschl\u00fcsselung <\/h4>\n\n\n\n<p class=\"has-small-font-size\">Diese Seite nutzt aus Sicherheitsgr\u00fcnden und zum Schutz der  \u00dcbertragung vertraulicher Inhalte, wie zum Beispiel Anfragen, die Sie an  uns als Seitenbetreiber senden, eine SSL-bzw TLS-Verschl\u00fcsselung. Eine verschl\u00fcsselte Verbindung erkennen Sie  daran, dass die Adresszeile des Browsers von \u201chttp:\/\/\u201d auf \u201chttps:\/\/\u201d  wechselt und an dem Schloss-Symbol in Ihrer Browserzeile.<br>Wenn die SSL- bzw. TLS-Verschl\u00fcsselung aktiviert ist, k\u00f6nnen die  Daten, die Sie an uns \u00fcbermitteln, nicht von Dritten mitgelesen werden.  <\/p>\n\n\n\n<h4 class=\"wp-block-heading\">Online-Formular <\/h4>\n\n\n\n<p class=\"has-small-font-size\">Wenn Sie uns per Kontaktformular Anfragen zukommen lassen, werden  Ihre Angaben aus dem Online-Formular inklusive der von Ihnen dort  angegebenen Kontaktdaten zwecks Bearbeitung der Anfrage und f\u00fcr den Fall von Anschlussfragen bei uns gespeichert. Diese Daten geben  wir nicht ohne Ihre Einwilligung weiter. Die Verarbeitung der in das  Online-Formular eingegebenen Daten erfolgt somit ausschlie\u00dflich auf Grundlage Ihrer Einwilligung (Art. 6 Abs. 1 lit. a  DSGVO). Sie k\u00f6nnen diese Einwilligung jederzeit widerrufen. <br>Dazu reicht  eine formlose Mitteilung per E-Mail an uns. Die Rechtm\u00e4\u00dfigkeit der bis zum Widerruf erfolgten  Datenverarbeitungsvorg\u00e4nge bleibt vom Widerruf unber\u00fchrt. <\/p>\n\n\n\n<p class=\"has-small-font-size\">Die von Ihnen eingegebenen Daten verbleiben bei uns, bis Sie uns zur  L\u00f6schung auffordern, ihre Einwilligung zur Speicherung widerrufen oder  der Zweck f\u00fcr die Datenspeicherung entf\u00e4llt (z.B. nach abgeschlossener Bearbeitung Ihrer Anfrage). <br>Zwingende gesetzliche  Bestimmungen, insbesondere Aufbewahrungsfristen, bleiben unber\u00fchrt. <\/p>\n\n\n\n<h4 class=\"wp-block-heading\" id=\"dsg-general-legalbasis\">Ma\u00dfgebliche Rechtsgrundlagen<\/h4>\n\n\n\n<p class=\"has-small-font-size\">Nach Ma\u00dfgabe des Art. 13 DSGVO teilen wir Ihnen die Rechtsgrundlagen \nunserer Datenverarbeitungen mit. Sofern die Rechtsgrundlage in der \nDatenschutzerkl\u00e4rung nicht genannt wird, gilt Folgendes: Die \nRechtsgrundlage f\u00fcr die Einholung von Einwilligungen ist Art. 6 Abs. 1 \nlit. a und Art. 7 DSGVO, die Rechtsgrundlage f\u00fcr die Verarbeitung zur \nErf\u00fcllung unserer Leistungen und Durchf\u00fchrung vertraglicher Ma\u00dfnahmen \nsowie Beantwortung von Anfragen ist Art. 6 Abs. 1 lit. b DSGVO, die \nRechtsgrundlage f\u00fcr die Verarbeitung zur Erf\u00fcllung unserer rechtlichen \nVerpflichtungen ist Art. 6 Abs. 1 lit. c DSGVO, und die Rechtsgrundlage \nf\u00fcr die Verarbeitung zur Wahrung unserer berechtigten Interessen ist \nArt. 6 Abs. 1 lit. f DSGVO. F\u00fcr den Fall, dass lebenswichtige Interessen\n der betroffenen Person oder einer anderen nat\u00fcrlichen Person eine \nVerarbeitung personenbezogener Daten erforderlich machen, dient Art. 6 \nAbs. 1 lit. d DSGVO als Rechtsgrundlage.<\/p>\n\n\n\n<h4 class=\"wp-block-heading\" id=\"dsg-general-securitymeasures\">Sicherheitsma\u00dfnahmen<\/h4>\n\n\n\n<p class=\"has-small-font-size\">Wir treffen nach Ma\u00dfgabe des Art. 32 DSGVO unter Ber\u00fccksichtigung des\n Stands der Technik, der Implementierungskosten und der Art, des \nUmfangs, der Umst\u00e4nde und der Zwecke der Verarbeitung sowie der \nunterschiedlichen Eintrittswahrscheinlichkeit und Schwere des Risikos \nf\u00fcr die Rechte und Freiheiten nat\u00fcrlicher Personen, geeignete technische\n und organisatorische Ma\u00dfnahmen, um ein dem Risiko angemessenes \nSchutzniveau zu gew\u00e4hrleisten.<\/p>\n\n\n\n<p class=\"has-small-font-size\">Zu den Ma\u00dfnahmen geh\u00f6ren insbesondere die Sicherung der \nVertraulichkeit, Integrit\u00e4t und Verf\u00fcgbarkeit von Daten durch Kontrolle \ndes physischen Zugangs zu den Daten, als auch des sie betreffenden \nZugriffs, der Eingabe, Weitergabe, der Sicherung der Verf\u00fcgbarkeit und \nihrer Trennung. Des Weiteren haben wir Verfahren eingerichtet, die eine \nWahrnehmung von Betroffenenrechten, L\u00f6schung von Daten und Reaktion auf \nGef\u00e4hrdung der Daten gew\u00e4hrleisten. Ferner ber\u00fccksichtigen wir den \nSchutz personenbezogener Daten bereits bei der Entwicklung, bzw. Auswahl\n von Hardware, Software sowie Verfahren, entsprechend dem Prinzip des \nDatenschutzes durch Technikgestaltung und durch datenschutzfreundliche \nVoreinstellungen (Art. 25 DSGVO).<\/p>\n\n\n\n<h4 class=\"wp-block-heading\" id=\"dsg-general-coprocessing\">Zusammenarbeit mit Auftragsverarbeitern und Dritten<\/h4>\n\n\n\n<p class=\"has-small-font-size\">Sofern wir im Rahmen unserer Verarbeitung Daten gegen\u00fcber anderen \nPersonen und Unternehmen (Auftragsverarbeitern oder Dritten) offenbaren,\n sie an diese \u00fcbermitteln oder ihnen sonst Zugriff auf die Daten \ngew\u00e4hren, erfolgt dies nur auf Grundlage einer gesetzlichen Erlaubnis \n(z.B. wenn eine \u00dcbermittlung der Daten an Dritte, wie an \nZahlungsdienstleister, gem. Art. 6 Abs. 1 lit. b DSGVO zur \nVertragserf\u00fcllung erforderlich ist), Sie eingewilligt haben, eine \nrechtliche Verpflichtung dies vorsieht oder auf Grundlage unserer \nberechtigten Interessen (z.B. beim Einsatz von Beauftragten, Webhostern,\n etc.).<\/p>\n\n\n\n<p class=\"has-small-font-size\">Sofern wir Dritte mit der Verarbeitung von Daten auf Grundlage eines \nsog. \u201eAuftragsverarbeitungsvertrages\u201c beauftragen, geschieht dies auf \nGrundlage des Art. 28 DSGVO.<\/p>\n\n\n\n<h4 class=\"wp-block-heading\" id=\"dsg-general-thirdparty\">\u00dcbermittlungen in Drittl\u00e4nder<\/h4>\n\n\n\n<p class=\"has-small-font-size\">Sofern wir Daten in einem Drittland (d.h. au\u00dferhalb der Europ\u00e4ischen \nUnion (EU) oder des Europ\u00e4ischen Wirtschaftsraums (EWR)) verarbeiten \noder dies im Rahmen der Inanspruchnahme von Diensten Dritter oder \nOffenlegung, bzw. \u00dcbermittlung von Daten an Dritte geschieht, erfolgt \ndies nur, wenn es zur Erf\u00fcllung unserer (vor)vertraglichen Pflichten, \nauf Grundlage Ihrer Einwilligung, aufgrund einer rechtlichen \nVerpflichtung oder auf Grundlage unserer berechtigten Interessen \ngeschieht. Vorbehaltlich gesetzlicher oder vertraglicher Erlaubnisse, \nverarbeiten oder lassen wir die Daten in einem Drittland nur beim \nVorliegen der besonderen Voraussetzungen der Art. 44 ff. DSGVO \nverarbeiten. D.h. die Verarbeitung erfolgt z.B. auf Grundlage besonderer\n Garantien, wie der offiziell anerkannten Feststellung eines der EU \nentsprechenden Datenschutzniveaus (z.B. f\u00fcr die USA durch das \u201ePrivacy \nShield\u201c) oder Beachtung offiziell anerkannter spezieller vertraglicher \nVerpflichtungen (so genannte \u201eStandardvertragsklauseln\u201c).<\/p>\n\n\n\n<h4 class=\"wp-block-heading\" id=\"dsg-general-rightssubject\">Rechte der betroffenen Personen<\/h4>\n\n\n\n<p class=\"has-small-font-size\">Sie haben das Recht, eine Best\u00e4tigung dar\u00fcber zu verlangen, ob \nbetreffende Daten verarbeitet werden und auf Auskunft \u00fcber diese Daten \nsowie auf weitere Informationen und Kopie der Daten entsprechend Art. 15\n DSGVO.<\/p>\n\n\n\n<p class=\"has-small-font-size\">Sie haben entsprechend. Art. 16 DSGVO das Recht, die \nVervollst\u00e4ndigung der Sie betreffenden Daten oder die Berichtigung der \nSie betreffenden unrichtigen Daten zu verlangen.<\/p>\n\n\n\n<p class=\"has-small-font-size\">Sie haben nach Ma\u00dfgabe des Art. 17 DSGVO das Recht zu verlangen, dass\n betreffende Daten unverz\u00fcglich gel\u00f6scht werden, bzw. alternativ nach \nMa\u00dfgabe des Art. 18 DSGVO eine Einschr\u00e4nkung der Verarbeitung der Daten \nzu verlangen.<\/p>\n\n\n\n<p class=\"has-small-font-size\">Sie haben das Recht zu verlangen, dass die Sie betreffenden Daten, \ndie Sie uns bereitgestellt haben nach Ma\u00dfgabe des Art. 20 DSGVO zu \nerhalten und deren \u00dcbermittlung an andere Verantwortliche zu fordern.<\/p>\n\n\n\n<p class=\"has-small-font-size\">Sie haben ferner gem. Art. 77 DSGVO das Recht, eine Beschwerde bei der zust\u00e4ndigen Aufsichtsbeh\u00f6rde einzureichen.<\/p>\n\n\n\n<h4 class=\"wp-block-heading\" id=\"dsg-general-revokeconsent\">Widerrufsrecht<\/h4>\n\n\n\n<p class=\"has-small-font-size\">Sie haben das Recht, erteilte Einwilligungen gem. Art. 7 Abs. 3 DSGVO mit Wirkung f\u00fcr die Zukunft zu widerrufen<\/p>\n\n\n\n<h4 class=\"wp-block-heading\" id=\"dsg-general-object\">Widerspruchsrecht<\/h4>\n\n\n\n<p class=\"has-small-font-size\">Sie k\u00f6nnen der k\u00fcnftigen Verarbeitung der Sie betreffenden Daten nach  Ma\u00dfgabe des Art. 21 DSGVO jederzeit widersprechen. Der Widerspruch kann  insbesondere gegen die Verarbeitung f\u00fcr Zwecke der Direktwerbung  erfolgen.<\/p>\n\n\n\n<p class=\"has-large-font-size\"><strong>Zust\u00e4ndige Beh\u00f6rde<\/strong><\/p>\n\n\n\n<p>Wenn Sie eine Beschwerde \u00fcber die Art und Weise haben, wie wir Ihre Daten verarbeiten, haben Sie die M\u00f6glichkeit, bei der Aufsichtsbeh\u00f6rde Beschwerde einzulegen. Sie k\u00f6nnen sich jederzeit mit einer Beschwerde an die f\u00fcr Sie zust\u00e4ndige Aufsichtsbeh\u00f6rde wenden. Ihre zust\u00e4ndige Aufsichtsbeh\u00f6rde richtet sich nach dem Bundesland Ihres Wohnsitzes, Ihrer Arbeit oder der mutma\u00dflichen Verletzung. Eine Liste der Aufsichtsbeh\u00f6rden (f\u00fcr den nicht\u00f6ffentlichen Bereich) mit Anschrift finden Sie unter:&nbsp;<a href=\"https:\/\/www.bfdi.bund.de\/DE\/Infothek\/Anschriften_Links\/anschriften_links-node.html\" class=\"\">https:\/\/www.bfdi.bund.de\/DE\/Infothek\/Anschriften_Links\/anschriften_links-node.html<\/a>.<\/p>\n\n\n\n<p>F\u00fcr Bayern ist dies:<br class=\"\">Landesamt f\u00fcr Datenschutzaufsicht<br class=\"\">Promenade 27<br class=\"\">91522 Ansbach<br class=\"\">Tel.: 0981\/53-1300<br class=\"\">Fax: 0981\/53-981300<br class=\"\"><a href=\"mailto:poststelle@lda.bayern.de\" class=\"\">poststelle@lda.bayern.de<\/a><\/p>\n\n\n\n<h4 class=\"wp-block-heading\" id=\"dsg-general-erasure\">L\u00f6schung von Daten<\/h4>\n\n\n\n<p class=\"has-small-font-size\">Die von uns verarbeiteten Daten werden nach Ma\u00dfgabe der Art. 17 und \n18 DSGVO gel\u00f6scht oder in ihrer Verarbeitung eingeschr\u00e4nkt. Sofern nicht\n im Rahmen dieser Datenschutzerkl\u00e4rung ausdr\u00fccklich angegeben, werden \ndie bei uns gespeicherten Daten gel\u00f6scht, sobald sie f\u00fcr ihre \nZweckbestimmung nicht mehr erforderlich sind und der L\u00f6schung keine \ngesetzlichen Aufbewahrungspflichten entgegenstehen. Sofern die Daten \nnicht gel\u00f6scht werden, weil sie f\u00fcr andere und gesetzlich zul\u00e4ssige \nZwecke erforderlich sind, wird deren Verarbeitung eingeschr\u00e4nkt. D.h. \ndie Daten werden gesperrt und nicht f\u00fcr andere Zwecke verarbeitet. Das \ngilt z.B. f\u00fcr Daten, die aus handels- oder steuerrechtlichen Gr\u00fcnden \naufbewahrt werden m\u00fcssen.<\/p>\n\n\n\n<p class=\"has-small-font-size\">Nach gesetzlichen Vorgaben in Deutschland, erfolgt die Aufbewahrung \ninsbesondere f\u00fcr 10 Jahre gem\u00e4\u00df \u00a7\u00a7 147 Abs. 1 AO, 257 Abs. 1 Nr. 1 und \n4, Abs. 4 HGB (B\u00fccher, Aufzeichnungen, Lageberichte, Buchungsbelege, \nHandelsb\u00fccher, f\u00fcr Besteuerung relevanter Unterlagen, etc.) und 6 Jahre \ngem\u00e4\u00df \u00a7 257 Abs. 1 Nr. 2 und 3, Abs. 4 HGB (Handelsbriefe).<\/p>\n\n\n\n<p class=\"has-small-font-size\">Nach gesetzlichen Vorgaben in \u00d6sterreich erfolgt die Aufbewahrung  insbesondere f\u00fcr 7 J gem\u00e4\u00df \u00a7 132 Abs. 1 BAO (Buchhaltungsunterlagen,  Belege\/Rechnungen, Konten, Belege, Gesch\u00e4ftspapiere, Aufstellung der  Einnahmen und Ausgaben, etc.), f\u00fcr 22 Jahre im Zusammenhang mit  Grundst\u00fccken und f\u00fcr 10 Jahre bei Unterlagen im Zusammenhang mit  elektronisch erbrachten Leistungen, Telekommunikations-, Rundfunk- und  Fernsehleistungen, die an Nichtunternehmer in EU-Mitgliedstaaten  erbracht werden und f\u00fcr die der Mini-One-Stop-Shop (MOSS) in Anspruch  genommen wird.<\/p>\n\n\n\n<h4 class=\"wp-block-heading\" id=\"dsg-services-contractualservices\">Vertragliche Leistungen<\/h4>\n\n\n\n<p class=\"has-small-font-size\">Wir verarbeiten die Daten unserer \nVertragspartner und Interessenten sowie anderer Auftraggeber, Kunden, \nMandanten, Klienten oder Vertragspartner (einheitlich bezeichnet als \n\u201eVertragspartner\u201c) entsprechend Art. 6 Abs. 1 lit. b. DSGVO, um ihnen \ngegen\u00fcber unsere vertraglichen oder vorvertraglichen Leistungen zu \nerbringen. Die hierbei verarbeiteten Daten, die Art, der Umfang und der \nZweck und die Erforderlichkeit ihrer Verarbeitung, bestimmen sich nach \ndem zugrundeliegenden Vertragsverh\u00e4ltnis.<\/p>\n\n\n\n<p class=\"has-small-font-size\">Zu den verarbeiteten Daten geh\u00f6ren die Stammdaten unserer \nVertragspartner (z.B., Namen und Adressen), Kontaktdaten (z.B. \nE-Mailadressen und Telefonnummern) sowie Vertragsdaten (z.B., in \nAnspruch genommene Leistungen, Vertragsinhalte, vertragliche \nKommunikation, Namen von Kontaktpersonen) und Zahlungsdaten (z.B., \nBankverbindungen, Zahlungshistorie).<\/p>\n\n\n\n<p class=\"has-small-font-size\">Besondere Kategorien personenbezogener Daten verarbeiten wir \ngrunds\u00e4tzlich nicht, au\u00dfer wenn diese Bestandteile einer beauftragten \noder vertragsgem\u00e4\u00dfen Verarbeitung sind.<\/p>\n\n\n\n<p class=\"has-small-font-size\">Wir verarbeiten Daten, die zur Begr\u00fcndung und Erf\u00fcllung der  vertraglichen Leistungen erforderlich sind und weisen auf die  Erforderlichkeit ihrer Angabe, sofern diese f\u00fcr die Vertragspartner  nicht evident ist, hin. Eine Offenlegung an externe Personen oder  Unternehmen erfolgt nur, wenn sie im Rahmen eines Vertrags erforderlich  ist. Bei der Verarbeitung der uns im Rahmen eines Auftrags \u00fcberlassenen  Daten, handeln wir entsprechend den Weisungen der Auftraggeber sowie der  gesetzlichen Vorgaben.<\/p>\n\n\n\n<h4 class=\"wp-block-heading\" id=\"dsg-akismet\">Akismet Anti-Spam-Pr\u00fcfung<\/h4>\n\n\n\n<p class=\"has-small-font-size\">Unser Onlineangebot nutzt den Dienst \n\u201eAkismet\u201c, der von der Automattic Inc., 60 29th Street #343, San \nFrancisco, CA 94110, USA, angeboten wird. Die Nutzung erfolgt auf \nGrundlage unserer berechtigten Interessen im Sinne des Art. 6 Abs. 1 \nlit. f) DSGVO. Mit Hilfe dieses Dienstes werden Kommentare echter \nMenschen von Spam-Kommentaren unterschieden. Dazu werden alle \nKommentarangaben an einen Server in den USA verschickt, wo sie \nanalysiert und f\u00fcr Vergleichszwecke vier Tage lang gespeichert werden. \nIst ein Kommentar als Spam eingestuft worden, werden die Daten \u00fcber \ndiese Zeit hinaus gespeichert. Zu diesen Angaben geh\u00f6ren der eingegebene\n Name, die Emailadresse, die IP-Adresse, der Kommentarinhalt, der \nReferrer, Angaben zum verwendeten Browser sowie dem Computersystem und \ndie Zeit des Eintrags.<\/p>\n\n\n\n<p class=\"has-small-font-size\">N\u00e4here Informationen zur Erhebung und Nutzung der Daten durch Akismet finden sich in den Datenschutzhinweisen von Automattic: <a href=\"https:\/\/automattic.com\/privacy\/\" target=\"_blank\" rel=\"noreferrer noopener\">https:\/\/automattic.com\/privacy\/<\/a>.<\/p>\n\n\n\n<p class=\"has-small-font-size\">Nutzer k\u00f6nnen gerne Pseudonyme nutzen, oder auf die Eingabe des \nNamens oder der Emailadresse verzichten. Sie k\u00f6nnen die \u00dcbertragung der \nDaten komplett verhindern, indem Sie unser Kommentarsystem nicht nutzen.\n Das w\u00e4re schade, aber leider sehen wir sonst keine Alternativen, die \nebenso effektiv arbeiten.<\/p>\n\n\n\n<h4 class=\"wp-block-heading\" id=\"dsg-wordpress-emojis\">Abruf von Emojis und Smilies<\/h4>\n\n\n\n<p class=\"has-small-font-size\">Innerhalb unseres WordPress-Blogs \nwerden grafische Emojis (bzw. Smilies), d.h. kleine grafische Dateien, \ndie Gef\u00fchle ausdr\u00fccken, eingesetzt, die von externen Servern bezogen \nwerden. Hierbei erheben die Anbieter der Server, die IP-Adressen der \nNutzer. Dies ist notwendig, damit die Emojie-Dateien an die Browser der \nNutzer \u00fcbermittelt werden k\u00f6nnen. Der Emojie-Service wird von der \nAutomattic Inc., 60 29th Street #343, San Francisco, CA 94110, USA, \nangeboten. Datenschutzhinweise von Automattic: <a href=\"https:\/\/automattic.com\/privacy\/\" target=\"_blank\" rel=\"noreferrer noopener\">https:\/\/automattic.com\/privacy\/<\/a>.\n Die verwendeten Server-Domains sind s.w.org und twemoji.maxcdn.com, \nwobei es sich unseres Wissens nach um sog. Content-Delivery-Networks \nhandelt, also Server, die lediglich einer schnellen und sicheren \n\u00dcbermittlung der Dateien dienen und die personenbezogenen Daten der \nNutzer nach der \u00dcbermittlung gel\u00f6scht werden.<\/p>\n\n\n\n<p class=\"has-small-font-size\">Die Nutzung der Emojis erfolgt auf Grundlage unserer berechtigten \nInteressen, d.h. Interesse an einer attraktiven Gestaltung unseres \nOnlineangebotes gem. Art. 6 Abs. 1 lit. f. DSGVO. <\/p>\n\n\n\n<h4 class=\"wp-block-heading\" id=\"dsg-contact\">Kontaktaufnahme<\/h4>\n\n\n\n<p class=\"has-small-font-size\">Bei der Kontaktaufnahme mit uns (z.B.\n per Kontaktformular, E-Mail, Telefon oder via sozialer Medien) werden \ndie Angaben des Nutzers zur Bearbeitung der Kontaktanfrage und deren \nAbwicklung gem. Art. 6 Abs. 1 lit. b. (im Rahmen \nvertraglicher-\/vorvertraglicher Beziehungen), Art. 6 Abs. 1 lit. f. \n(andere Anfragen) DSGVO verarbeitet.. Die Angaben der Nutzer k\u00f6nnen in \neinem Customer-Relationship-Management System (\u201cCRM System\u201d) oder \nvergleichbarer Anfragenorganisation gespeichert werden.<\/p>\n\n\n\n<p class=\"has-small-font-size\">Wir l\u00f6schen die Anfragen, sofern diese nicht mehr erforderlich sind. \nWir \u00fcberpr\u00fcfen die Erforderlichkeit alle zwei Jahre; Ferner gelten die \ngesetzlichen Archivierungspflichten.<\/p>\n\n\n\n<h4 class=\"wp-block-heading\" id=\"dsg-newsletter-de\">Newsletter<\/h4>\n\n\n\n<p class=\"has-small-font-size\">Mit den nachfolgenden Hinweisen \ninformieren wir Sie \u00fcber die Inhalte unseres Newsletters sowie das \nAnmelde-, Versand- und das statistische Auswertungsverfahren sowie Ihre \nWiderspruchsrechte auf. Indem Sie unseren Newsletter abonnieren, \nerkl\u00e4ren Sie sich mit dem Empfang und den beschriebenen Verfahren \neinverstanden.<\/p>\n\n\n\n<p class=\"has-small-font-size\">Inhalt des Newsletters: Wir versenden Newsletter, E-Mails und weitere\n elektronische Benachrichtigungen mit werblichen Informationen \n(nachfolgend \u201eNewsletter\u201c) nur mit der Einwilligung der Empf\u00e4nger oder \neiner gesetzlichen Erlaubnis. Sofern im Rahmen einer Anmeldung zum \nNewsletter dessen Inhalte konkret umschrieben werden, sind sie f\u00fcr die \nEinwilligung der Nutzer ma\u00dfgeblich. Im \u00dcbrigen enthalten unsere \nNewsletter Informationen zu unseren Leistungen und uns.<\/p>\n\n\n\n<p class=\"has-small-font-size\">Double-Opt-In und Protokollierung: Die Anmeldung zu unserem \nNewsletter erfolgt in einem sog. Double-Opt-In-Verfahren. D.h. Sie \nerhalten nach der Anmeldung eine E-Mail, in der Sie um die Best\u00e4tigung \nIhrer Anmeldung gebeten werden. Diese Best\u00e4tigung ist notwendig, damit \nsich niemand mit fremden E-Mailadressen anmelden kann. Die Anmeldungen \nzum Newsletter werden protokolliert, um den Anmeldeprozess entsprechend \nden rechtlichen Anforderungen nachweisen zu k\u00f6nnen. Hierzu geh\u00f6rt die \nSpeicherung des Anmelde- und des Best\u00e4tigungszeitpunkts, als auch der \nIP-Adresse. Ebenso werden die \u00c4nderungen Ihrer bei dem \nVersanddienstleister gespeicherten Daten protokolliert.<\/p>\n\n\n\n<p class=\"has-small-font-size\">Der Versand des Newsletters und die mit ihm verbundene Erfolgsmessung\n erfolgen auf Grundlage einer Einwilligung der Empf\u00e4nger gem. Art. 6 \nAbs. 1 lit. a, Art. 7 DSGVO i.V.m \u00a7 7 Abs. 2 Nr. 3 UWG oder falls eine \nEinwilligung nicht erforderlich ist, auf Grundlage unserer berechtigten \nInteressen am Direktmarketing gem. Art. 6 Abs. 1 lt. f. DSGVO i.V.m. \u00a7 7\n Abs. 3 UWG.<\/p>\n\n\n\n<p class=\"has-small-font-size\">Die Protokollierung des Anmeldeverfahrens erfolgt auf Grundlage \nunserer berechtigten Interessen gem. Art. 6 Abs. 1 lit. f DSGVO. Unser \nInteresse richtet sich auf den Einsatz eines nutzerfreundlichen sowie \nsicheren Newslettersystems, das sowohl unseren gesch\u00e4ftlichen Interessen\n dient, als auch den Erwartungen der Nutzer entspricht und uns ferner \nden Nachweis von Einwilligungen erlaubt.<\/p>\n\n\n\n<p class=\"has-small-font-size\">K\u00fcndigung\/Widerruf \u2013 Sie k\u00f6nnen den Empfang unseres Newsletters \njederzeit k\u00fcndigen, d.h. Ihre Einwilligungen widerrufen. Einen Link zur \nK\u00fcndigung des Newsletters finden Sie am Ende eines jeden Newsletters. \nWir k\u00f6nnen die ausgetragenen E-Mailadressen bis zu drei Jahren auf \nGrundlage unserer berechtigten Interessen speichern bevor wir sie \nl\u00f6schen, um eine ehemals gegebene Einwilligung nachweisen zu k\u00f6nnen. Die\n Verarbeitung dieser Daten wird auf den Zweck einer m\u00f6glichen Abwehr von\n Anspr\u00fcchen beschr\u00e4nkt. Ein individueller L\u00f6schungsantrag ist jederzeit \nm\u00f6glich, sofern zugleich das ehemalige Bestehen einer Einwilligung \nbest\u00e4tigt wird.<\/p>\n\n\n\n<h4 class=\"wp-block-heading\" id=\"dsg-newsletter-provider-mailchimp\">Newsletter \u2013 Mailchimp<\/h4>\n\n\n\n<p class=\"has-small-font-size\">Der Versand der Newsletter erfolgt \nmittels des Versanddienstleisters \u201eMailChimp\u201c, einer \nNewsletterversandplattform des US-Anbieters Rocket Science Group, LLC, \n675 Ponce De Leon Ave NE #5000, Atlanta, GA 30308, USA. Die \nDatenschutzbestimmungen des Versanddienstleisters k\u00f6nnen Sie hier \neinsehen: <a href=\"https:\/\/mailchimp.com\/legal\/privacy\/\" target=\"_blank\" rel=\"noreferrer noopener\">https:\/\/mailchimp.com\/legal\/privacy\/<\/a>.\n The Rocket Science Group LLC d\/b\/a MailChimp ist unter dem \nPrivacy-Shield-Abkommen zertifiziert und bietet hierdurch eine Garantie,\n das europ\u00e4isches Datenschutzniveau einzuhalten (<a href=\"https:\/\/www.privacyshield.gov\/participant?id=a2zt0000000TO6hAAG&amp;status=Active\" target=\"_blank\" rel=\"noreferrer noopener\">https:\/\/www.privacyshield.gov\/participant?id=a2zt0000000TO6hAAG&amp;status=Active<\/a>).\n Der Versanddienstleister wird auf Grundlage unserer berechtigten \nInteressen gem. Art. 6 Abs. 1 lit. f. DSGVO und eines \nAuftragsverarbeitungsvertrages gem. Art. 28 Abs. 3 S. 1 DSGVO \neingesetzt.<\/p>\n\n\n\n<p class=\"has-small-font-size\">Der Versanddienstleister kann die Daten der Empf\u00e4nger in pseudonymer  Form, d.h. ohne Zuordnung zu einem Nutzer, zur Optimierung oder  Verbesserung der eigenen Services nutzen, z.B. zur technischen  Optimierung des Versandes und der Darstellung der Newsletter oder f\u00fcr  statistische Zwecke verwenden. Der Versanddienstleister nutzt die Daten  unserer Newsletterempf\u00e4nger jedoch nicht, um diese selbst anzuschreiben  oder um die Daten an Dritte weiterzugeben.<\/p>\n\n\n\n<p class=\"has-small-font-size\"><strong>Bei Fragen zur Erhebung, Verarbeitung oder Nutzung Ihrer personenbezogenen Daten, bei Ausk\u00fcnften, Berichtigung, Sperrung oder L\u00f6schung von Daten sowie Widerruf erteilter Einwilligungen oder Widerspruch gegen eine bestimmte Datenverwendung wenden Sie sich bitte direkt an uns \u00fcber die Kontaktdaten in unserem Impressum. <\/strong><\/p>\n","protected":false},"excerpt":{"rendered":"<p>Die Betreiber dieser Seiten nehmen den Schutz Ihrer pers\u00f6nlichen Daten sehr ernst. Wir behandeln Ihre personenbezogenen Daten vertraulich und entsprechend der gesetzlichen Datenschutzvorschriften sowie dieser Datenschutzerkl\u00e4rung. Die Nutzung unserer Website ist in der Regel ohne Angabe personenbezogener Daten m\u00f6glich. Daten werden ohne Ihre ausdr\u00fcckliche Zustimmung nicht an Dritte weitergegeben. Wir weisen darauf hin, dass die&hellip;<\/p>\n","protected":false},"author":1,"featured_media":0,"parent":0,"menu_order":0,"comment_status":"closed","ping_status":"closed","template":"","meta":{"footnotes":""},"class_list":["post-83","page","type-page","status-publish","hentry","comments-closed","no-comments"],"_links":{"self":[{"href":"https:\/\/wild-und-gruen.com\/index.php?rest_route=\/wp\/v2\/pages\/83","targetHints":{"allow":["GET"]}}],"collection":[{"href":"https:\/\/wild-und-gruen.com\/index.php?rest_route=\/wp\/v2\/pages"}],"about":[{"href":"https:\/\/wild-und-gruen.com\/index.php?rest_route=\/wp\/v2\/types\/page"}],"author":[{"embeddable":true,"href":"https:\/\/wild-und-gruen.com\/index.php?rest_route=\/wp\/v2\/users\/1"}],"replies":[{"embeddable":true,"href":"https:\/\/wild-und-gruen.com\/index.php?rest_route=%2Fwp%2Fv2%2Fcomments&post=83"}],"version-history":[{"count":24,"href":"https:\/\/wild-und-gruen.com\/index.php?rest_route=\/wp\/v2\/pages\/83\/revisions"}],"predecessor-version":[{"id":564,"href":"https:\/\/wild-und-gruen.com\/index.php?rest_route=\/wp\/v2\/pages\/83\/revisions\/564"}],"wp:attachment":[{"href":"https:\/\/wild-und-gruen.com\/index.php?rest_route=%2Fwp%2Fv2%2Fmedia&parent=83"}],"curies":[{"name":"wp","href":"https:\/\/api.w.org\/{rel}","templated":true}]}}