{"id":135,"date":"2020-07-15T12:56:45","date_gmt":"2020-07-15T12:56:45","guid":{"rendered":"http:\/\/wild-und-gruen.com\/?page_id=135"},"modified":"2023-02-21T19:42:29","modified_gmt":"2023-02-21T18:42:29","slug":"ueber-mich","status":"publish","type":"page","link":"https:\/\/wild-und-gruen.com\/?page_id=135","title":{"rendered":"Gita und Team:"},"content":{"rendered":"\n<div class=\"wp-block-media-text alignwide has-media-on-the-right is-stacked-on-mobile\"><div class=\"wp-block-media-text__content\">\n<p class=\"has-text-align-left has-large-font-size\"><strong>Gita Becker<\/strong><\/p>\n\n\n\n<p class=\"has-text-align-left\">Nach meiner Internatszeit auf einer freien Schule in England, einer Holzbildhauerlehre und verschiedenen Stationen im Arbeitsleben- einem Bioladen, einem Teehaus und einer Chocolaterie &#8211;  habe ich vor zw\u00f6lf Jahren angefangen mein Interesse f\u00fcr wildwachsende Pflanzen zu intensivieren, und eine Jahres-Ausbildung an der Heilpflanzenschule in Passau absolviert.<\/p>\n\n\n\n<p>Seit zehn Jahren leite ich nun Wild- und Heilpflanzen Seminare.<br>Ich sammle und verarbeite Wild- und Heilpflanzen und koche damit, stelle verschiedenste Tinkturen und \u00d6le her, Salze und Sirups, Salben und Lik\u00f6re, R\u00e4uchermischungen und vieles mehr.<\/p>\n\n\n\n<p>Mit viel Freude gebe ich dieses Wissen in meinen Kursen an die Teilnehmer*innen weiter.<\/p>\n<\/div><figure class=\"wp-block-media-text__media\"><img loading=\"lazy\" decoding=\"async\" width=\"768\" height=\"1024\" src=\"https:\/\/wild-und-gruen.com\/wp-content\/uploads\/2020\/07\/Gita12-768x1024.jpeg\" alt=\"\" class=\"wp-image-107 size-full\" srcset=\"https:\/\/wild-und-gruen.com\/wp-content\/uploads\/2020\/07\/Gita12-768x1024.jpeg 768w, https:\/\/wild-und-gruen.com\/wp-content\/uploads\/2020\/07\/Gita12-225x300.jpeg 225w, https:\/\/wild-und-gruen.com\/wp-content\/uploads\/2020\/07\/Gita12.jpeg 960w\" sizes=\"auto, (max-width: 768px) 100vw, 768px\" \/><\/figure><\/div>\n\n\n\n<div class=\"wp-block-media-text alignwide is-stacked-on-mobile\"><figure class=\"wp-block-media-text__media\"><img loading=\"lazy\" decoding=\"async\" width=\"768\" height=\"1024\" src=\"https:\/\/wild-und-gruen.com\/wp-content\/uploads\/2020\/07\/Gita11-768x1024.jpeg\" alt=\"\" class=\"wp-image-105 size-full\" srcset=\"https:\/\/wild-und-gruen.com\/wp-content\/uploads\/2020\/07\/Gita11-768x1024.jpeg 768w, https:\/\/wild-und-gruen.com\/wp-content\/uploads\/2020\/07\/Gita11-225x300.jpeg 225w, https:\/\/wild-und-gruen.com\/wp-content\/uploads\/2020\/07\/Gita11.jpeg 960w\" sizes=\"auto, (max-width: 768px) 100vw, 768px\" \/><\/figure><div class=\"wp-block-media-text__content\">\n<p><br>Die Natur bietet die vitalste Nahrung von der wir uns ern\u00e4hren k\u00f6nnen. Es gibt f\u00fcr mich nichts begl\u00fcckenderes als in den Wald zu gehen um Pflanzen und B\u00e4ume zu beobachten. <\/p>\n\n\n\n<p>Vor allem im Fr\u00fchling, wenn ein neuer Zyklus beginnt und alles wieder anf\u00e4ngt zu wachsen, ist die Natur f\u00fcr mich ein Wunder.&nbsp;<br>Doch auch in den Wintermonaten gibt es Sch\u00e4tze zu entdecken und so w\u00e4chst gerade eine neue Leidenschaft in mir f\u00fcr die Knospen der B\u00e4ume.<\/p>\n\n\n\n<p>Ich lebe mit meinen beiden S\u00f6hnen Noah und Kiyan in M\u00fcnchen- Harlaching, direkt am Perlacher Forst und habe dort unser heimisches Superfood direkt vor meiner Haust\u00fcr.<br><\/p>\n<\/div><\/div>\n\n\n\n<div class=\"wp-block-group alignfull\"><div class=\"wp-block-group__inner-container is-layout-flow wp-block-group-is-layout-flow\">\n<div class=\"wp-block-media-text alignfull has-media-on-the-right is-stacked-on-mobile is-vertically-aligned-center\"><div class=\"wp-block-media-text__content\">\n<p class=\"has-text-align-left has-small-font-size\"><a rel=\"noreferrer noopener\" href=\"http:\/\/www.chirpfood.com\" target=\"_blank\"><strong>Christine Krauss<\/strong><\/a><br>2014 haben die ersten essbaren Wildpflanzen Einzug in meine K\u00fcche und mein Herz gehalten.&nbsp;Es war sozusagen Liebe auf den ersten Blick. Seither bereichern die wilden Zutaten meine Gerichte und mein Leben. Ich kann sie gar nicht genug &#8211; \u00fcber den gr\u00fcnen Klee &#8211; loben.&nbsp;Sie bringen neue Geschmackswelten, &nbsp;sind \u00fcberaus heilkr\u00e4ftig und es gibt kaum etwas Sch\u00f6neres, als in die Natur zu gehen,&nbsp;Pflanzen anzufassen und im wahrsten Sinne des Wortes zu verinnerlichen.<br>2016 habe ich dann bei Dr. Markus Strauss meinen zertifizierten Hochschul Abschluss als &#8211; Fachberaterin zur Selbstversorgung mit essbaren Wildpflanzen &#8211; gemacht.<br>Au\u00dferdem habe ich 2018 meine Ausbildung zum Pilzberater (BMG) erfolgreich abgeschlossen.<br>Wilde Zutaten machen jedes Essen zu etwas besonderem und vor allen Dingen gl\u00fccklich!<br><a rel=\"noreferrer noopener\" href=\"http:\/\/www.chirpfood.com\" target=\"_blank\">www.chirpfood.com<\/a><\/p>\n<\/div><figure class=\"wp-block-media-text__media\"><img loading=\"lazy\" decoding=\"async\" width=\"1024\" height=\"683\" src=\"https:\/\/wild-und-gruen.com\/wp-content\/uploads\/2021\/03\/L1020409-1024x683.jpeg\" alt=\"\" class=\"wp-image-727 size-full\" srcset=\"https:\/\/wild-und-gruen.com\/wp-content\/uploads\/2021\/03\/L1020409-1024x683.jpeg 1024w, https:\/\/wild-und-gruen.com\/wp-content\/uploads\/2021\/03\/L1020409-300x200.jpeg 300w, https:\/\/wild-und-gruen.com\/wp-content\/uploads\/2021\/03\/L1020409-768x513.jpeg 768w, https:\/\/wild-und-gruen.com\/wp-content\/uploads\/2021\/03\/L1020409-400x267.jpeg 400w, https:\/\/wild-und-gruen.com\/wp-content\/uploads\/2021\/03\/L1020409.jpeg 1500w\" sizes=\"auto, (max-width: 1024px) 100vw, 1024px\" \/><\/figure><\/div>\n<\/div><\/div>\n\n\n\n<div class=\"wp-block-media-text alignwide is-stacked-on-mobile\"><figure class=\"wp-block-media-text__media\"><img loading=\"lazy\" decoding=\"async\" width=\"683\" height=\"1024\" src=\"https:\/\/wild-und-gruen.com\/wp-content\/uploads\/2023\/01\/OliBeerPhotography-3-683x1024.jpg\" alt=\"\" class=\"wp-image-1341 size-full\" srcset=\"https:\/\/wild-und-gruen.com\/wp-content\/uploads\/2023\/01\/OliBeerPhotography-3-683x1024.jpg 683w, https:\/\/wild-und-gruen.com\/wp-content\/uploads\/2023\/01\/OliBeerPhotography-3-200x300.jpg 200w, https:\/\/wild-und-gruen.com\/wp-content\/uploads\/2023\/01\/OliBeerPhotography-3-768x1152.jpg 768w, https:\/\/wild-und-gruen.com\/wp-content\/uploads\/2023\/01\/OliBeerPhotography-3-1024x1536.jpg 1024w, https:\/\/wild-und-gruen.com\/wp-content\/uploads\/2023\/01\/OliBeerPhotography-3-1365x2048.jpg 1365w, https:\/\/wild-und-gruen.com\/wp-content\/uploads\/2023\/01\/OliBeerPhotography-3-400x600.jpg 400w, https:\/\/wild-und-gruen.com\/wp-content\/uploads\/2023\/01\/OliBeerPhotography-3-scaled.jpg 1707w\" sizes=\"auto, (max-width: 683px) 100vw, 683px\" \/><\/figure><div class=\"wp-block-media-text__content\">\n<p class=\"has-small-font-size\"><a href=\"http:\/\/www.amiemignatti.com\"><strong>Amie Mignatti<\/strong><\/a><br>Amie stammt aus Austin, Texas, hat aber ihr Herz in den W\u00e4ldern, Bergen und Seen S\u00fcddeutschlands gefunden.&nbsp; Nachdem sie viele Jahre in der Welt herumgereist war, hat sie sich niedergelassen und ist tief in ihre Arbeit in der Natur eingetaucht. Amie ist ausgebildete Wildnisp\u00e4dagogin, Montessori-Lehrerin, Naturcoach, Yogalehrerin und hat einen Bachelor of Science in P\u00e4dagogik und Kunst.&nbsp;<\/p>\n\n\n\n<p class=\"has-small-font-size\">Seit zw\u00f6lf Jahren arbeitet sie selbstst\u00e4ndig als Outdoor-P\u00e4dagogin f\u00fcr Kinder und Familien und als Yogalehrerin. Seit 2020 hat sie eine Gruppe namens &#8222;Women in Nature&#8220; gegr\u00fcndet und leitet naturbasierte Transformationskurse und Sweatlodges f\u00fcr Frauen.<\/p>\n\n\n\n<p class=\"has-small-font-size\">Sie liebt es, mit anderen am Lagerfeuer und unter den Sternen zu sitzen. Sie ist am gl\u00fccklichsten, wenn sie von der Natur und von Menschen umgeben ist, und sie lernt st\u00e4ndig dazu und erkundet die Welt um sie herum.<\/p>\n\n\n\n<p class=\"has-small-font-size\"><a href=\"http:\/\/www.amiemignatti.com\">www.amiemignatti.com<\/a><\/p>\n<\/div><\/div>\n\n\n\n<div class=\"wp-block-media-text alignwide has-media-on-the-right is-stacked-on-mobile\"><div class=\"wp-block-media-text__content\">\n<p class=\"has-small-font-size\"><strong>Franziska Kondora<\/strong><br>Geboren 1978, Erd-Pferd.&nbsp;<br>Aufgewachsen in Rum\u00e4nien, mit wander- und naturbegeisteter (Gross-)Familie, verbrachte ich in Ermangelung von TV und Elektronik die meiste freie Zeit im Gr\u00fcnen. Zelten, Grillen, Baden in eiskalten Wildb\u00e4chen, Blumen pfl\u00fccken und k\u00f6stliche Beeren sammeln, Pilze im Herbst. Wenn ich krank war, gabs Lindenbl\u00fctentee und manchmal Zwiebelschalentee, wobei ich ersteren vorzog.&nbsp;<br>Umzug nach und wilde Jugend in Deutschland folgten.&nbsp;<br>Nach einem unvollendeten Biologiestudium und einer Pharmazeutisch-Technischen Ausbildung Arbeit in einem Teehaus mit Gastronomie und Ausbildung zur Phytotherapeutin.&nbsp;<br>Meine Ausbildung zur Heilpraktikerin mit Schwerpunkt Traditionelle Europ\u00e4ische Naturheilkunde habe ich am Zentrum f\u00fcr Naturheilkunde absolviert.&nbsp;<br>Seit 2018 bin ich \u201efertige\u201c HP und arbeite im Kr\u00e4utergarten M\u00fcnchen.<br>Ich lebe mit meiner Familie in Forstenried und bin stolze Mutter einer fast erwachsenen Tochter.<br>Meine Leidenschaft ist ganz klar die Natur und ihre Sch\u00e4tze!<br>Es macht einfach Freude, \u00fcber eine Wiese zu laufen und die geballte Kraft in den Fusssohlen zu sp\u00fcren, die da aus der Erde w\u00e4chst.&nbsp;<br>F\u00fcr mich ist die Natur nicht nur voller heilkr\u00e4ftiger Kr\u00e4uter, sie ist die Heilung selbst. Meine Begeisterung und mein Wissen dar\u00fcber teile ich gerne mit allen die bereit sind, ihre Augen, Ohren und Herzen daf\u00fcr zu \u00f6ffnen.<\/p>\n\n\n\n<p><\/p>\n\n\n\n<p><\/p>\n\n\n\n<p><\/p>\n<\/div><figure class=\"wp-block-media-text__media\"><img loading=\"lazy\" decoding=\"async\" width=\"768\" height=\"1024\" src=\"https:\/\/wild-und-gruen.com\/wp-content\/uploads\/2021\/03\/20190904_124450-768x1024.jpg\" alt=\"\" class=\"wp-image-797 size-full\" srcset=\"https:\/\/wild-und-gruen.com\/wp-content\/uploads\/2021\/03\/20190904_124450-768x1024.jpg 768w, https:\/\/wild-und-gruen.com\/wp-content\/uploads\/2021\/03\/20190904_124450-225x300.jpg 225w, https:\/\/wild-und-gruen.com\/wp-content\/uploads\/2021\/03\/20190904_124450-1152x1536.jpg 1152w, https:\/\/wild-und-gruen.com\/wp-content\/uploads\/2021\/03\/20190904_124450-1536x2048.jpg 1536w, https:\/\/wild-und-gruen.com\/wp-content\/uploads\/2021\/03\/20190904_124450-400x533.jpg 400w, https:\/\/wild-und-gruen.com\/wp-content\/uploads\/2021\/03\/20190904_124450-scaled.jpg 1920w\" sizes=\"auto, (max-width: 768px) 100vw, 768px\" \/><\/figure><\/div>\n\n\n\n<div class=\"wp-block-media-text alignwide is-stacked-on-mobile\"><figure class=\"wp-block-media-text__media\"><img loading=\"lazy\" decoding=\"async\" width=\"278\" height=\"371\" src=\"https:\/\/wild-und-gruen.com\/wp-content\/uploads\/2021\/03\/image.jpg\" alt=\"\" class=\"wp-image-730 size-full\" srcset=\"https:\/\/wild-und-gruen.com\/wp-content\/uploads\/2021\/03\/image.jpg 278w, https:\/\/wild-und-gruen.com\/wp-content\/uploads\/2021\/03\/image-225x300.jpg 225w\" sizes=\"auto, (max-width: 278px) 100vw, 278px\" \/><\/figure><div class=\"wp-block-media-text__content\">\n<p class=\"has-regular-font-size\"><a rel=\"noreferrer noopener\" href=\"http:\/\/www.nawipi.de\" target=\"_blank\"><strong>Nadine Schreiterer<\/strong><\/a><br>1986 geboren, seit 2007 in M\u00fcnchen lebend<br>langj\u00e4hrige Erfahrung als Sozialp\u00e4dagogin und Referentin<br>Ausbildung zur&nbsp; Wildnisp\u00e4dagogin<br>Pilatestrainerin<br>Tangot\u00e4nzerin&nbsp;<br>Kaffee- und Schokoladenliebhaberin \ud83d\ude42<br><a rel=\"noreferrer noopener\" href=\"http:\/\/www.nawipi.de\" target=\"_blank\">www.nawipi.de<\/a><\/p>\n<\/div><\/div>\n\n\n\n<p><\/p>\n\n\n\n<div class=\"wp-block-media-text alignwide is-stacked-on-mobile\"><figure class=\"wp-block-media-text__media\"><\/figure><div class=\"wp-block-media-text__content\">\n<p class=\"has-large-font-size\"><\/p>\n<\/div><\/div>\n\n\n\n<p><\/p>\n","protected":false},"excerpt":{"rendered":"<p>Gita Becker Nach meiner Internatszeit auf einer freien Schule in England, einer Holzbildhauerlehre und verschiedenen Stationen im Arbeitsleben- einem Bioladen, einem Teehaus und einer Chocolaterie &#8211; habe ich vor zw\u00f6lf Jahren angefangen mein Interesse f\u00fcr wildwachsende Pflanzen zu intensivieren, und eine Jahres-Ausbildung an der Heilpflanzenschule in Passau absolviert. Seit zehn Jahren leite ich nun Wild-&hellip;<\/p>\n","protected":false},"author":1,"featured_media":0,"parent":0,"menu_order":0,"comment_status":"closed","ping_status":"closed","template":"","meta":{"footnotes":""},"class_list":["post-135","page","type-page","status-publish","hentry","comments-closed","no-comments"],"_links":{"self":[{"href":"https:\/\/wild-und-gruen.com\/index.php?rest_route=\/wp\/v2\/pages\/135","targetHints":{"allow":["GET"]}}],"collection":[{"href":"https:\/\/wild-und-gruen.com\/index.php?rest_route=\/wp\/v2\/pages"}],"about":[{"href":"https:\/\/wild-und-gruen.com\/index.php?rest_route=\/wp\/v2\/types\/page"}],"author":[{"embeddable":true,"href":"https:\/\/wild-und-gruen.com\/index.php?rest_route=\/wp\/v2\/users\/1"}],"replies":[{"embeddable":true,"href":"https:\/\/wild-und-gruen.com\/index.php?rest_route=%2Fwp%2Fv2%2Fcomments&post=135"}],"version-history":[{"count":89,"href":"https:\/\/wild-und-gruen.com\/index.php?rest_route=\/wp\/v2\/pages\/135\/revisions"}],"predecessor-version":[{"id":1369,"href":"https:\/\/wild-und-gruen.com\/index.php?rest_route=\/wp\/v2\/pages\/135\/revisions\/1369"}],"wp:attachment":[{"href":"https:\/\/wild-und-gruen.com\/index.php?rest_route=%2Fwp%2Fv2%2Fmedia&parent=135"}],"curies":[{"name":"wp","href":"https:\/\/api.w.org\/{rel}","templated":true}]}}

<div class="wp-block-media-text alignwide has-media-on-the-right is-stacked-on-mobile"><div class="wp-block-media-text__content">
<p class="has-text-align-left has-large-font-size"><strong>Gita Becker</strong></p>



<p class="has-text-align-left">Nach meiner Internatszeit auf einer freien Schule in England, einer Holzbildhauerlehre und verschiedenen Stationen im Arbeitsleben- einem Bioladen, einem Teehaus und einer Chocolaterie &#8211;  habe ich vor zwölf Jahren angefangen mein Interesse für wildwachsende Pflanzen zu intensivieren, und eine Jahres-Ausbildung an der Heilpflanzenschule in Passau absolviert.</p>



<p>Seit zehn Jahren leite ich nun Wild- und Heilpflanzen Seminare.<br>Ich sammle und verarbeite Wild- und Heilpflanzen und koche damit, stelle verschiedenste Tinkturen und Öle her, Salze und Sirups, Salben und Liköre, Räuchermischungen und vieles mehr.</p>



<p>Mit viel Freude gebe ich dieses Wissen in meinen Kursen an die Teilnehmer*innen weiter.</p>
</div><figure class="wp-block-media-text__media"><img loading="lazy" decoding="async" width="768" height="1024" src="https://wild-und-gruen.com/wp-content/uploads/2020/07/Gita12-768x1024.jpeg" alt="" class="wp-image-107 size-full" srcset="https://wild-und-gruen.com/wp-content/uploads/2020/07/Gita12-768x1024.jpeg 768w, https://wild-und-gruen.com/wp-content/uploads/2020/07/Gita12-225x300.jpeg 225w, https://wild-und-gruen.com/wp-content/uploads/2020/07/Gita12.jpeg 960w" sizes="auto, (max-width: 768px) 100vw, 768px" /></figure></div>



<div class="wp-block-media-text alignwide is-stacked-on-mobile"><figure class="wp-block-media-text__media"><img loading="lazy" decoding="async" width="768" height="1024" src="https://wild-und-gruen.com/wp-content/uploads/2020/07/Gita11-768x1024.jpeg" alt="" class="wp-image-105 size-full" srcset="https://wild-und-gruen.com/wp-content/uploads/2020/07/Gita11-768x1024.jpeg 768w, https://wild-und-gruen.com/wp-content/uploads/2020/07/Gita11-225x300.jpeg 225w, https://wild-und-gruen.com/wp-content/uploads/2020/07/Gita11.jpeg 960w" sizes="auto, (max-width: 768px) 100vw, 768px" /></figure><div class="wp-block-media-text__content">
<p><br>Die Natur bietet die vitalste Nahrung von der wir uns ernähren können. Es gibt für mich nichts beglückenderes als in den Wald zu gehen um Pflanzen und Bäume zu beobachten. </p>



<p>Vor allem im Frühling, wenn ein neuer Zyklus beginnt und alles wieder anfängt zu wachsen, ist die Natur für mich ein Wunder.&nbsp;<br>Doch auch in den Wintermonaten gibt es Schätze zu entdecken und so wächst gerade eine neue Leidenschaft in mir für die Knospen der Bäume.</p>



<p>Ich lebe mit meinen beiden Söhnen Noah und Kiyan in München- Harlaching, direkt am Perlacher Forst und habe dort unser heimisches Superfood direkt vor meiner Haustür.<br></p>
</div></div>



<div class="wp-block-group alignfull"><div class="wp-block-group__inner-container is-layout-flow wp-block-group-is-layout-flow">
<div class="wp-block-media-text alignfull has-media-on-the-right is-stacked-on-mobile is-vertically-aligned-center"><div class="wp-block-media-text__content">
<p class="has-text-align-left has-small-font-size"><a rel="noreferrer noopener" href="http://www.chirpfood.com" target="_blank"><strong>Christine Krauss</strong></a><br>2014 haben die ersten essbaren Wildpflanzen Einzug in meine Küche und mein Herz gehalten.&nbsp;Es war sozusagen Liebe auf den ersten Blick. Seither bereichern die wilden Zutaten meine Gerichte und mein Leben. Ich kann sie gar nicht genug &#8211; über den grünen Klee &#8211; loben.&nbsp;Sie bringen neue Geschmackswelten, &nbsp;sind überaus heilkräftig und es gibt kaum etwas Schöneres, als in die Natur zu gehen,&nbsp;Pflanzen anzufassen und im wahrsten Sinne des Wortes zu verinnerlichen.<br>2016 habe ich dann bei Dr. Markus Strauss meinen zertifizierten Hochschul Abschluss als &#8211; Fachberaterin zur Selbstversorgung mit essbaren Wildpflanzen &#8211; gemacht.<br>Außerdem habe ich 2018 meine Ausbildung zum Pilzberater (BMG) erfolgreich abgeschlossen.<br>Wilde Zutaten machen jedes Essen zu etwas besonderem und vor allen Dingen glücklich!<br><a rel="noreferrer noopener" href="http://www.chirpfood.com" target="_blank">www.chirpfood.com</a></p>
</div><figure class="wp-block-media-text__media"><img loading="lazy" decoding="async" width="1024" height="683" src="https://wild-und-gruen.com/wp-content/uploads/2021/03/L1020409-1024x683.jpeg" alt="" class="wp-image-727 size-full" srcset="https://wild-und-gruen.com/wp-content/uploads/2021/03/L1020409-1024x683.jpeg 1024w, https://wild-und-gruen.com/wp-content/uploads/2021/03/L1020409-300x200.jpeg 300w, https://wild-und-gruen.com/wp-content/uploads/2021/03/L1020409-768x513.jpeg 768w, https://wild-und-gruen.com/wp-content/uploads/2021/03/L1020409-400x267.jpeg 400w, https://wild-und-gruen.com/wp-content/uploads/2021/03/L1020409.jpeg 1500w" sizes="auto, (max-width: 1024px) 100vw, 1024px" /></figure></div>
</div></div>



<div class="wp-block-media-text alignwide is-stacked-on-mobile"><figure class="wp-block-media-text__media"><img loading="lazy" decoding="async" width="683" height="1024" src="https://wild-und-gruen.com/wp-content/uploads/2023/01/OliBeerPhotography-3-683x1024.jpg" alt="" class="wp-image-1341 size-full" srcset="https://wild-und-gruen.com/wp-content/uploads/2023/01/OliBeerPhotography-3-683x1024.jpg 683w, https://wild-und-gruen.com/wp-content/uploads/2023/01/OliBeerPhotography-3-200x300.jpg 200w, https://wild-und-gruen.com/wp-content/uploads/2023/01/OliBeerPhotography-3-768x1152.jpg 768w, https://wild-und-gruen.com/wp-content/uploads/2023/01/OliBeerPhotography-3-1024x1536.jpg 1024w, https://wild-und-gruen.com/wp-content/uploads/2023/01/OliBeerPhotography-3-1365x2048.jpg 1365w, https://wild-und-gruen.com/wp-content/uploads/2023/01/OliBeerPhotography-3-400x600.jpg 400w, https://wild-und-gruen.com/wp-content/uploads/2023/01/OliBeerPhotography-3-scaled.jpg 1707w" sizes="auto, (max-width: 683px) 100vw, 683px" /></figure><div class="wp-block-media-text__content">
<p class="has-small-font-size"><a href="http://www.amiemignatti.com"><strong>Amie Mignatti</strong></a><br>Amie stammt aus Austin, Texas, hat aber ihr Herz in den Wäldern, Bergen und Seen Süddeutschlands gefunden.&nbsp; Nachdem sie viele Jahre in der Welt herumgereist war, hat sie sich niedergelassen und ist tief in ihre Arbeit in der Natur eingetaucht. Amie ist ausgebildete Wildnispädagogin, Montessori-Lehrerin, Naturcoach, Yogalehrerin und hat einen Bachelor of Science in Pädagogik und Kunst.&nbsp;</p>



<p class="has-small-font-size">Seit zwölf Jahren arbeitet sie selbstständig als Outdoor-Pädagogin für Kinder und Familien und als Yogalehrerin. Seit 2020 hat sie eine Gruppe namens &#8222;Women in Nature&#8220; gegründet und leitet naturbasierte Transformationskurse und Sweatlodges für Frauen.</p>



<p class="has-small-font-size">Sie liebt es, mit anderen am Lagerfeuer und unter den Sternen zu sitzen. Sie ist am glücklichsten, wenn sie von der Natur und von Menschen umgeben ist, und sie lernt ständig dazu und erkundet die Welt um sie herum.</p>



<p class="has-small-font-size"><a href="http://www.amiemignatti.com">www.amiemignatti.com</a></p>
</div></div>



<div class="wp-block-media-text alignwide has-media-on-the-right is-stacked-on-mobile"><div class="wp-block-media-text__content">
<p class="has-small-font-size"><strong>Franziska Kondora</strong><br>Geboren 1978, Erd-Pferd.&nbsp;<br>Aufgewachsen in Rumänien, mit wander- und naturbegeisteter (Gross-)Familie, verbrachte ich in Ermangelung von TV und Elektronik die meiste freie Zeit im Grünen. Zelten, Grillen, Baden in eiskalten Wildbächen, Blumen pflücken und köstliche Beeren sammeln, Pilze im Herbst. Wenn ich krank war, gabs Lindenblütentee und manchmal Zwiebelschalentee, wobei ich ersteren vorzog.&nbsp;<br>Umzug nach und wilde Jugend in Deutschland folgten.&nbsp;<br>Nach einem unvollendeten Biologiestudium und einer Pharmazeutisch-Technischen Ausbildung Arbeit in einem Teehaus mit Gastronomie und Ausbildung zur Phytotherapeutin.&nbsp;<br>Meine Ausbildung zur Heilpraktikerin mit Schwerpunkt Traditionelle Europäische Naturheilkunde habe ich am Zentrum für Naturheilkunde absolviert.&nbsp;<br>Seit 2018 bin ich „fertige“ HP und arbeite im Kräutergarten München.<br>Ich lebe mit meiner Familie in Forstenried und bin stolze Mutter einer fast erwachsenen Tochter.<br>Meine Leidenschaft ist ganz klar die Natur und ihre Schätze!<br>Es macht einfach Freude, über eine Wiese zu laufen und die geballte Kraft in den Fusssohlen zu spüren, die da aus der Erde wächst.&nbsp;<br>Für mich ist die Natur nicht nur voller heilkräftiger Kräuter, sie ist die Heilung selbst. Meine Begeisterung und mein Wissen darüber teile ich gerne mit allen die bereit sind, ihre Augen, Ohren und Herzen dafür zu öffnen.</p>



<p></p>



<p></p>



<p></p>
</div><figure class="wp-block-media-text__media"><img loading="lazy" decoding="async" width="768" height="1024" src="https://wild-und-gruen.com/wp-content/uploads/2021/03/20190904_124450-768x1024.jpg" alt="" class="wp-image-797 size-full" srcset="https://wild-und-gruen.com/wp-content/uploads/2021/03/20190904_124450-768x1024.jpg 768w, https://wild-und-gruen.com/wp-content/uploads/2021/03/20190904_124450-225x300.jpg 225w, https://wild-und-gruen.com/wp-content/uploads/2021/03/20190904_124450-1152x1536.jpg 1152w, https://wild-und-gruen.com/wp-content/uploads/2021/03/20190904_124450-1536x2048.jpg 1536w, https://wild-und-gruen.com/wp-content/uploads/2021/03/20190904_124450-400x533.jpg 400w, https://wild-und-gruen.com/wp-content/uploads/2021/03/20190904_124450-scaled.jpg 1920w" sizes="auto, (max-width: 768px) 100vw, 768px" /></figure></div>



<div class="wp-block-media-text alignwide is-stacked-on-mobile"><figure class="wp-block-media-text__media"><img loading="lazy" decoding="async" width="278" height="371" src="https://wild-und-gruen.com/wp-content/uploads/2021/03/image.jpg" alt="" class="wp-image-730 size-full" srcset="https://wild-und-gruen.com/wp-content/uploads/2021/03/image.jpg 278w, https://wild-und-gruen.com/wp-content/uploads/2021/03/image-225x300.jpg 225w" sizes="auto, (max-width: 278px) 100vw, 278px" /></figure><div class="wp-block-media-text__content">
<p class="has-regular-font-size"><a rel="noreferrer noopener" href="http://www.nawipi.de" target="_blank"><strong>Nadine Schreiterer</strong></a><br>1986 geboren, seit 2007 in München lebend<br>langjährige Erfahrung als Sozialpädagogin und Referentin<br>Ausbildung zur&nbsp; Wildnispädagogin<br>Pilatestrainerin<br>Tangotänzerin&nbsp;<br>Kaffee- und Schokoladenliebhaberin 🙂<br><a rel="noreferrer noopener" href="http://www.nawipi.de" target="_blank">www.nawipi.de</a></p>
</div></div>



<p></p>



<div class="wp-block-media-text alignwide is-stacked-on-mobile"><figure class="wp-block-media-text__media"></figure><div class="wp-block-media-text__content">
<p class="has-large-font-size"></p>
</div></div>



<p></p>

<p>Gita Becker Nach meiner Internatszeit auf einer freien Schule in England, einer Holzbildhauerlehre und verschiedenen Stationen im Arbeitsleben- einem Bioladen, einem Teehaus und einer Chocolaterie &#8211; habe ich vor zwölf Jahren angefangen mein Interesse für wildwachsende Pflanzen zu intensivieren, und eine Jahres-Ausbildung an der Heilpflanzenschule in Passau absolviert. Seit zehn Jahren leite ich nun Wild-&hellip;</p>
